*c + 2. Calculate the remainder when 5737 is divided by w(-4).
37
Let m(w) = -2 + 15*w - w**2 - 6 + 11. What is the remainder when 152 is divided by m(3)?
35
Let y(t) = -3*t + 43. Suppose 5*i - r = 51, 3*r = 3*i + 18 - 51. Suppose 0 = -2*o + 4*o - 10. What is the remainder when y(i) is divided by o?
3
Let g(x) be the third derivative of x**5/10 - x**4/2 + 5*x**3/6 - 19*x**2. What is the remainder when 72 is divided by g(2)?
2
Let s(q) = -3*q + 20. Let i be s(8). Suppose 30*m = 917 + 373. Calculate the remainder when m is divided by 10/(-40) + (-69)/i.
9
Suppose -20*h + 23 = -97. Suppose 0 = 86*v - 84*v - h. Calculate the remainder when 75 is divided by v.
0
Suppose 4*x - 4*u = 680, -4*x + 537 = -u - 164. Calculate the remainder when x is divided by 15.
12
Suppose -3*i + 18 = -9. Suppose 4*s = -16 + 592. Suppose -i*y + 36 = -s. What is the remainder when 39 is divided by y?
19
Suppose 5*j = -0*j + 3*m + 35, -2*j = 4*m + 12. Suppose 4*t - 44 = 4*u - j, 47 = 5*t - 2*u. What is the remainder when 17 is divided by t?
8
Suppose 9*k = -w + 4*k + 51, -177 = -3*w - 3*k. What is the remainder when 487 is divided by w?
60
Suppose -4*l + 32 = c, 85 = 2*c - 3*l - 1. Suppose c = -6*w - 44. Calculate the remainder when 65 is divided by (-1 - -45)/(w/(-7)).
21
Calculate the remainder when 2243 is divided by (72/(-336))/((-11)/308).
5
Suppose 0 = g + a - 455, -25*a + 27*a - 1365 = -3*g. What is the remainder when g is divided by 88?
15
Suppose 0 = 6*b - 4*t - 484, 0 = -57*t + 53*t + 44. Calculate the remainder when b is divided by -1 - (-2 + 1 - 45).
43
Let s(a) = -59*a + 1136. Calculate the remainder when s(6) is divided by 56.
54
Let i(l) = 7*l - 2. Suppose 8*h = -21 + 149. What is the remainder when i(16) is divided by h?
14
Suppose -g + 32 = 28. Suppose g*v = -4*v + 48. Let y(l) = 2*l**3 - 9*l**2 + 10*l - 3. Calculate the remainder when y(v) is divided by 24.
21
Suppose -2*t = -5*n + 182, -18*n + 14*n = t - 156. What is the remainder when n is divided by 21?
17
Suppose -139 = -3*s + 71. Let p = s + -49. What is the remainder when p is divided by (-3)/(-4)*(-40)/(-5)*1?
3
What is the remainder when (-1692)/54*15/(-10) is divided by 37?
10
Calculate the remainder when (-64 + 3)*(9 - 7)/((-2)/64) is divided by 44.
32
Let g be ((-75)/(-6) + -1)*-2. Let p = -18 - g. Let s(q) = -6*q**3 + q - 2. Calculate the remainder when s(-2) is divided by p.
4
Let x be 138/(-48) + 8 - (-1)/(-8). Suppose 0*y - 4*y - 2*o = -52, 5*y - 60 = -x*o. Calculate the remainder when 96 is divided by y.
12
Let n be (-2 - -92)/(2/1). Let c(q) = -2*q**2 - 17*q - 18. Let t be c(-7). Suppose -2*i = t*i - n. What is the remainder when i is divided by 3?
0
Suppose -3*t - 2*d = -66, -d + 86 = t + 62. What is the remainder when 1545 is divided by t?
15
Suppose -26*q + 24*q - i + 50 = 0, -i = 0. Suppose w - q - 57 = 0. What is the remainder when w is divided by 29?
24
Let x = 5833 - 4987. Calculate the remainder when x is divided by 58.
34
What is the remainder when 2 + 2 - 1 - (-726)/11 is divided by (-66)/((-202 - -206)*1*(-2)/8)?
3
Suppose 55 = 16*d - 89. Let s(z) = z**2 - 5*z - 16. Calculate the remainder when 237 is divided by s(d).
17
Suppose -20*m - 1643 + 34023 = 0. What is the remainder when m is divided by 60?
59
Suppose -3*q - 4*s - 15 = -4*q, -4*q - 2*s + 6 = 0. Let z be q*(-2)/(2/8*4). Let y = 38 - z. What is the remainder when y is divided by 10?
4
Suppose 416 = 12*m + 68. What is the remainder when (-4)/(-14) - (-2199)/21 is divided by -3 + 0 + m - (0 + -1)?
24
Suppose -4*d + 67 = j, -4*j - 85*d = -84*d - 298. What is the remainder when 689 is divided by j?
14
Let f = -7344 - -8880. What is the remainder when f is divided by 44?
40
Suppose -t + 66 = -3*y, -4*y = -2*t + 109 + 13. Let m = 80 - t. What is the remainder when 54 + ((-1 + 9)/8 - 0) is divided by m?
26
Let g = -49 - -80. Let b(h) = 3*h**2 + 11*h - 12. Let i = -24 + 17. What is the remainder when b(i) is divided by g?
27
Suppose 24907*i - 369 = 24866*i. Calculate the remainder when 131 is divided by i.
5
Let j = -14394 + 14499. What is the remainder when j is divided by 18?
15
Suppose -10 = 3*y - 19. Let u(g) = 6*g**2 + 18*g - 66. Calculate the remainder when 161 is divided by u(y).
35
Let f = -728 + 753. Suppose i = -2*i + 348. What is the remainder when i is divided by f?
16
Let d(f) = f**3 - 4*f**2 + f - 6. Let m be d(4). Let l = 7 - m. Suppose 0*r + 279 = l*r. Calculate the remainder when r is divided by 18.
13
Let r(s) = -s**3 - 6*s - 6. Suppose -2*w = 110 + 82. Let v = w + 138. What is the remainder when r(-4) is divided by v?
40
Let m = 187 - -353. Suppose -8*b = -2*b - m. What is the remainder when b is divided by 7?
6
Let y(s) be the second derivative of 5*s**4/12 - 7*s**3/6 - 13*s**2 + 7*s. What is the remainder when y(-5) is divided by 27?
26
Let m = 3 - 3. Suppose q - 45 = 2*g, 3*q + m*g - 135 = -3*g. Calculate the remainder when q is divided by (-2*3/12)/(5/(-80)).
5
Suppose -k - 22 = -4*g + 2*k, -5*k = 10. Suppose -5*r - g*o = -108, -3*r - 3 + 90 = -5*o. Calculate the remainder when r is divided by 14.
10
Suppose 101*h = -44*h + 31030. What is the remainder when 822 is divided by h?
180
Let u = -7821 - -12019. What is the remainder when u is divided by 105?
103
Let g(n) = 13*n**2 + 270*n - 1051. What is the remainder when 597 is divided by g(4)?
123
Let n(b) = b + 88 - 10*b - 9*b. Calculate the remainder when 29 is divided by n(4).
13
Let s be -2 + (-5)/(-2) + 135/(-6). Let p = s + 29. Let j(u) = u**2 - 7*u + 15. Calculate the remainder when 21 is divided by j(p).
6
Let p(f) = f**2 - 5*f + 174. Let c be p(0). Let o = c - 146. Calculate the remainder when o is divided by 12.
4
Let t = 27 + -9. Let b = -287 + 280. Let o(k) = k**3 + 7*k**2 - 5*k + 36. What is the remainder when o(b) is divided by t?
17
Let q = -263 - -116. Let x = -138 - q. Calculate the remainder when x is divided by 1*12/(-4)*-1.
0
Let v(t) = t**2 + 23*t - 54. Let o be v(-25). What is the remainder when 2/o + 996/8 is divided by 19?
10
Suppose 0 = 8*s - 1647 - 1073. What is the remainder when s is divided by 315?
25
Let b = -64 - -66. Suppose 4*s - 81 = -12*i + 11*i, 201 = 3*i - b*s. What is the remainder when i is divided by 35?
34
What is the remainder when 1037 is divided by ((-25)/(-15))/(1/12)?
17
Let i = -197 + 199. Suppose m = i*j - 55, -136 = -6*j + j + 2*m. Calculate the remainder when j is divided by 14.
12
Let a = 390 + 29. Calculate the remainder when a is divided by 20.
19
Let r(g) = -44*g - 16. Let d be r(3). Let t = d + 162. Calculate the remainder when 194 is divided by t.
12
Let v(c) = c**3 - 19*c**2 - 112*c. Calculate the remainder when v(26) is divided by 73.
68
Let c(p) = -6*p**2 + 8*p - 2. Let x be c(4). Let m = x - -48. Calculate the remainder when 43/3 + (-3)/m*-2 is divided by 3.
2
Let n = -2731 - -2893. What is the remainder when n is divided by 50?
12
Calculate the remainder when (23722/(-12))/(-1) - ((-105)/90 - -1) is divided by 55.
52
Suppose 0 = 45*k - 769 - 261 - 5. Calculate the remainder when 2436 is divided by k.
21
Let s be (-12)/(-21) + (-7120)/(-35). Let i = s - 10. Calculate the remainder when i is divided by 28.
26
Suppose -6312 = -5*h + 3*u, 3*h + 4*u - 3464 - 300 = 0. Calculate the remainder when h is divided by 23.
18
Let r be 6/9 + (-26)/(-6). Suppose 4*w - r*v - 65 = 0, -59 = -5*w - 2*v - 19. Calculate the remainder when 24 is divided by w.
4
Suppose 3*m - 1779 = -2*h + 3113, -m + 4888 = 2*h. Calculate the remainder when h is divided by 26.
25
Suppose -4*j = 2*j - 4*v + 6, 0 = 3*v - 18. What is the remainder when 449 is divided by j?
2
What is the remainder when ((-28)/(-6))/((-12)/(-30) + (-31)/90) is divided by 52?
32
Let n(z) = z**3 + 77*z**2 + 140*z - 1916. What is the remainder when n(-73) is divided by 112?
108
What is the remainder when 2024 is divided by -6 - -12 - (-280)/30 - 1/3?
14
Let f(t) = 2*t**2 - 13*t - 3. Suppose -269*g = -246*g - 3818. What is the remainder when g is divided by f(9)?
40
Suppose 12*r - 7478 = 694. Let n = -647 + r. Calculate the remainder when 79 is divided by n.
11
Let y(j) = -j**3 - 8*j**2 + 230*j + 2194. Suppose -1 = -u - 0. Calculate the remainder when y(-12) is divided by u.
0
Suppose -5*y - 81 = -586. Let m = y + -28. Let p = -61 + m. What is the remainder